by 253?
249
Calculate the remainder when 71890 is divided by 16.
2
What is the remainder when 20012 is divided by 339?
11
Calculate the remainder when 4030 is divided by 403.
0
Calculate the remainder when 393112 is divided by 910.
902
Calculate the remainder when 270551 is divided by 437.
48
What is the remainder when 88330 is divided by 44163?
4
Calculate the remainder when 999 is divided by 80.
39
Calculate the remainder when 917 is divided by 260.
137
Calculate the remainder when 351 is divided by 108.
27
What is the remainder when 188080 is divided by 43?
41
Calculate the remainder when 7762 is divided by 76.
10
What is the remainder when 2542 is divided by 1292?
1250
What is the remainder when 4885254 is divided by 578?
576
Calculate the remainder when 62629 is divided by 87.
76
Calculate the remainder when 23128 is divided by 28.
0
Calculate the remainder when 1185 is divided by 8.
1
What is the remainder when 5303906 is divided by 931?
930
What is the remainder when 2510 is divided by 2490?
20
What is the remainder when 128533 is divided by 8032?
21
What is the remainder when 4729 is divided by 112?
25
What is the remainder when 3139 is divided by 673?
447
What is the remainder when 3909 is divided by 2031?
1878
What is the remainder when 18594 is divided by 16?
2
Calculate the remainder when 5430 is divided by 1800.
30
Calculate the remainder when 68617 is divided by 6236.
21
Calculate the remainder when 27090 is divided by 3374.
98
What is the remainder when 366 is divided by 157?
52
What is the remainder when 24694 is divided by 247?
241
Calculate the remainder when 38881 is divided by 38857.
24
Calculate the remainder when 995 is divided by 497.
1
What is the remainder when 27555 is divided by 95?
5
What is the remainder when 5346 is divided by 294?
54
What is the remainder when 12819 is divided by 712?
3
Calculate the remainder when 1428 is divided by 1026.
402
What is the remainder when 289791 is divided by 128?
127
What is the remainder when 189039 is divided by 49?
46
What is the remainder when 146480 is divided by 175?
5
What is the remainder when 5228 is divided by 2554?
120
What is the remainder when 159822 is divided by 14?
12
Calculate the remainder when 18488 is divided by 260.
28
What is the remainder when 6186 is divided by 207?
183
Calculate the remainder when 149334 is divided by 131.
125
What is the remainder when 1757667 is divided by 961?
959
What is the remainder when 441209 is divided by 842?
1
Calculate the remainder when 108327 is divided by 54156.
15
Calculate the remainder when 39266 is divided by 569.
5
What is the remainder when 41188 is divided by 45?
13
What is the remainder when 4992 is divided by 306?
96
Calculate the remainder when 49612 is divided by 143.
134
What is the remainder when 28853 is divided by 21?
20
Calculate the remainder when 7385 is divided by 670.
15
What is the remainder when 6285831 is divided by 1233?
1230
What is the remainder when 9043 is divided by 256?
83
What is the remainder when 18133 is divided by 305?
138
Calculate the remainder when 9808 is divided by 53.
3
Calculate the remainder when 185078 is divided by 42.
26
Calculate the remainder when 2027 is divided by 556.
359
What is the remainder when 28748 is divided by 562?
86
Calculate the remainder when 15033 is divided by 278.
21
Calculate the remainder when 79247 is divided by 727.
4
What is the remainder when 44839 is divided by 27?
19
What is the remainder when 39253 is divided by 1033?
1032
What is the remainder when 208183 is divided by 982?
981
Calculate the remainder when 12338 is divided by 1037.
931
Calculate the remainder when 2115 is divided by 1152.
963
What is the remainder when 68386 is divided by 1753?
19
Calculate the remainder when 68431 is divided by 752.
751
What is the remainder when 1789164 is divided by 16?
12
What is the remainder when 2698 is divided by 1329?
40
What is the remainder when 5682 is divided by 82?
24
What is the remainder when 40075 is divided by 1671?
1642
What is the remainder when 821908 is divided by 15?
13
Calculate the remainder when 19757 is divided by 19708.
49
Calculate the remainder when 1076035 is divided by 84.
79
Calculate the remainder when 21924 is divided by 160.
4
What is the remainder when 17249 is divided by 17?
11
Calculate the remainder when 14236 is divided by 42.
40
Calculate the remainder when 1371 is divided by 320.
91
Calculate the remainder when 1976 is divided by 222.
200
What is the remainder when 24641 is divided by 130?
71
Calculate the remainder when 4336 is divided by 1081.
12
What is the remainder when 15916 is divided by 1988?
12
Calculate the remainder when 1640163 is divided by 82.
81
Calculate the remainder when 855 is divided by 830.
25
Calculate the remainder when 4968 is divided by 276.
0
What is the remainder when 9602 is divided by 30?
2
What is the remainder when 3519 is divided by 497?
40
Calculate the remainder when 41058 is divided by 214.
184
Calculate the remainder when 22809 is divided by 53.
19
What is the remainder when 19855 is divided by 68?
67
Calculate the remainder when 4194 is divided by 162.
144
Calculate the remainder when 4301 is divided by 134.
13
What is the remainder when 4479 is divided by 301?
265
Calculate the remainder when 205017 is divided by 4100.
17
What is the remainder when 16528 is divided by 16400?
128
Calculate the remainder when 4473 is divided by 753.
708
What is the remainder when 285 is divided by 33?
21
What is the remainder when 19304 is divided by 6240?
584
What is the remainder when 224659 is divided by 47?
46
Calculate the remainder when 1560 is divided by 25.
10
Calculate the remainder when 31914 is divided by 964.
102
Calculate the remainder when 48471 is divided by 1032.
999
Calculate the remainder when 2103 is divided by 1011.
81
What is the remainder when 774449 is divided by 476?
473
Calculate the remainder when 54848 is divided by 6093.
11
What is the remainder when 87689 is divided by 111?
110
What is the remainder when 5917 is divided by 1452?
109
What is the remainder when 488 is divided by 37?
7
Calculate the remainder when 1602 is divided by 40.
2
Calculate the remainder when 58139 is divided by 51.
50
Calculate the remainder when 1131 is divided by 374.
9
What is the remainder when 8796 is divided by 48?
12
Calculate the remainder when 240970 is divided by 49.
37
What is the remainder when 31165 is divided by 15545?
75
What is the remainder when 2093 is divided by 13?
0
Calculate the remainder when 434 is divided by 3.
2
What is the remainder when 24547 is divided by 147?
145
Calculate the remainder when 27598 is divided by 57.
10
What is the remainder when 6629 is divided by 102?
101
What is the remainder when 55150 is divided by 4594?
22
Calculate the remainder when 152040 is divided by 30404.
20
Calculate the remainder when 684878 is divided by 16.
14
What is the remainder when 1250 is divided by 201?
44
Calculate the remainder when 12101 is divided by 11.
1
What is the remainder when 11463 is divided by 11443?
20
Calculate the remainder when 23768 is divided by 164.
152
What is the remainder when 9984 is divided by 60?
24
Calculate the remainder when 14084 is divided by 183.
176
What is the remainder when 59506 is divided by 38?
36
Calculate the remainder when 103114 is divided by 74.
32
What is the remainder when 12913 is divided by 968?
329
What is the remainder when 24519 is divided by 2229?
0
Calculate the remainder when 18708 is divided by 10.
8
Calculate the remainder when 284298 is divided by 71067.
30
What is the remainder when 8303 is divided by 173?
172
What is the remainder when 704 is divided by 225?
29
Calculate the remainder when 31857 is divided by 43.
37
Calculate the remainder when 1892 is divided by 1142.
750
Calculate the remainder when 4271 is divided by 179.
154
Calculate the remainder when 15460 is divided by 85.
75
Calculate the remainder when 1184 is divided by 1.
0
What is the remainder when 22479 is divided by 424?
7
What is the remainder when 14394 is divided by 33?
6
What is the remainder when 60288 is divided by 203?
200
Calculate the remainder when 32700 is divided by 34.
26
What is the remainder when 25045 is divided by 248?
245
What is the remainde